(-3). Suppose -a*y + 6 + 3 = 0. What is the units digit of i(y)?
5
Suppose -3*p = -2*p + 1. Let k = 8 - p. What is the units digit of k?
9
Suppose -3*a = a - 24. Suppose -10 = -4*z + a. Suppose 6*k = z*k + 14. What is the units digit of k?
7
Suppose 2*w - w - 2 = 0. Suppose 20 = 4*s, -w*s = -2*h - 4*s + 26. What is the units digit of h?
8
Suppose -2*r + 16 - 48 = 0. Let x be ((-2)/(-4))/((-1)/10). Let g = x - r. What is the tens digit of g?
1
Let g = 549 - 329. What is the hundreds digit of g?
2
Let r(o) = 36*o + 36. What is the hundreds digit of r(7)?
2
Suppose -2*y + 47 = -19. Let l = -23 + y. What is the units digit of l?
0
Let z(n) = -n - 8. Let m be z(-10). Let u(t) = 6 - 2 + 0*t + m*t + t**2. What is the units digit of u(-3)?
7
Let s(q) = q**3 - 10*q**2 - 10*q - 4. What is the units digit of s(11)?
7
Suppose -40 = -5*q - 2*i - 0*i, 2*i + 14 = 4*q. Let z(x) = x + 8. Let u be z(-6). Let g = u + q. What is the units digit of g?
8
Let l be 480/(-45) - (-4)/6. Let s = 13 + l. What is the units digit of s?
3
Suppose -b - 195 = -6*b. What is the tens digit of b?
3
Let j = 25 + 86. What is the hundreds digit of j?
1
Suppose -5*x - 13 - 12 = 0. Let j = 18 + x. What is the units digit of j?
3
Suppose a - 6 = 2. What is the units digit of (12/8)/(6/a)?
2
Suppose 93 = 5*c - 4*g, 5*g + 78 = -c + 5*c. Let r(t) = t**3 + 5*t**2 + 4*t + 5. Let p be r(-4). Suppose 0 = -p*z + c + 13. What is the units digit of z?
6
Suppose -u = 2*u - 4*i + 10, 2 = u + 4*i. What is the tens digit of u + (-8)/4 + 27?
2
Suppose -3*m + 24 = -540. What is the tens digit of m?
8
Let r(z) = 3*z + 24. Let p(f) = f + 8. Let b(a) = -11*p(a) + 4*r(a). What is the units digit of b(0)?
8
Let y(m) = m**2 + 5. What is the tens digit of y(7)?
5
Let u(z) = -2*z - 13. Suppose -43 = 3*g - 4. What is the units digit of u(g)?
3
Let k(m) = m**3 + 6*m**2 + 7. Suppose 2*l = -x - 1, -x - 3*x = 3*l + 14. What is the units digit of k(x)?
2
Let b be (-34)/10 - 10/(-25). Let o = -4 + 6. What is the units digit of o/(-6) + (-7)/b?
2
Let i(p) = -4*p + 29. What is the units digit of i(-19)?
5
Let z(j) = -j + 10. Let b be z(7). Suppose 0 = 2*c - b*c + 10. What is the units digit of c?
0
Let r(c) = -c. Let k = -2 - 2. Let j be r(k). Suppose -5*z + 18 = -4*a, j*a - 3 = -z + 5*a. What is the units digit of z?
6
Suppose 0*l - 10 = -2*l. Suppose -30 = 5*n - 0*n + l*p, -6 = -5*n + 4*p. What is the tens digit of n/3 - 47/(-3)?
1
Suppose 5*i + 22 = 4*v, -2*v + 13 = -v - 5*i. Let a(k) = -6 + k - 1 - v*k. What is the units digit of a(-6)?
5
What is the units digit of -1 + 28/14 + 2*56?
3
Let b(q) = q**2 - q + 13. Let a be -1*(1 - (1 + 0)). What is the tens digit of b(a)?
1
Let s = 4 + 14. Let k = s + -6. What is the tens digit of k?
1
Let y be (-2)/3 + 184/(-12). Let m = y + 29. What is the units digit of m - (4 + -2 - 0)?
1
Let w(q) = -q**3 - 5*q**2 - 5*q + 0*q**3 - 3 + 2. Let p be -6 - (4 - 0)/(-2). What is the units digit of w(p)?
3
Suppose 12 = c - 2*f, 4*c - c = 4*f + 26. Let n be 4 - 2/(0 - c). What is the units digit of n - 0*3/6?
5
Let y(l) = l**2 + 4*l - 2. Let m be y(-4). Suppose -7*t - 5*h - 6 = -3*t, -3*t - 5*h - 7 = 0. What is the tens digit of 1/(m/(-36)*t)?
1
What is the units digit of (-80)/(-3)*63/14?
0
Let r(u) be the third derivative of u**5/60 + u**4/24 + 5*u**3/6 + 5*u**2. What is the tens digit of r(-4)?
1
Let t = -35 + 14. What is the units digit of (1 + t/(-6))*2?
9
Let c be (2 + (-25 - -1))/(-2). Suppose c = 2*s - 11. What is the tens digit of s?
1
Suppose 0 = -7*q + 4*q + 333. What is the tens digit of q?
1
Let w = -18 - -20. Suppose -2*m - 12 + 42 = 0. Suppose w*t - m = -t. What is the units digit of t?
5
Let f(h) = 3*h**2 + 3*h - 19. What is the units digit of f(5)?
1
Let k be ((-9)/(-6))/((-2)/(-4)). Let h = k + -1. What is the units digit of h?
2
Suppose 3*t - 74 = 13. Let w = t + -8. What is the tens digit of w?
2
Suppose -13*c + 60 = -7*c. What is the units digit of c?
0
Suppose m = 2*f - m + 2, -5*f + m - 5 = 0. Let h = 7 + f. What is the units digit of h?
6
Let p(o) = 6*o - 2*o - 8 + o**2 - 3*o. Let x be p(0). What is the units digit of (x/(-5))/(1/5)?
8
Let p(k) = k**2 + 4*k - 7. Let y be p(-6). Suppose -y*v + 7*f - 4*f + 86 = 0, 82 = 5*v - f. Let b = v - 8. What is the units digit of b?
8
What is the units digit of 0/14 + (28 - -1)?
9
Let d(w) = -3*w - 4. Let r be d(-3). Suppose 58 = r*f - 2*j, j + 10 = 4*f - 34. What is the units digit of f?
0
Suppose -2*y + 2*p - 4*p = -42, -5*p = 25. What is the tens digit of y?
2
Suppose -7*y + 215 = -3*y - 3*c, 4*y + c = 227. What is the tens digit of y?
5
Let s = 71 + -3. Suppose 3*t + 20 = s. Suppose -3*w = -2*w - t. What is the units digit of w?
6
Let n(p) = 4*p - 4*p + 0*p + p. What is the units digit of n(1)?
1
Let n be 9/(-6) + 1/(-2). Let y be ((-1)/n)/(1/8). Suppose -1 = -v + y. What is the units digit of v?
5
Let u = -3 + 14. What is the units digit of u?
1
Suppose -5*l + 0*l = -20, 3*k = 5*l - 14. Suppose -3*p + w - 21 = 0, 0 = -k*p - 3*w + 4*w - 14. Let d = 1 - p. What is the units digit of d?
8
Let l(b) = b - 1. Let x be l(1). Let v(z) = -z**2 + 17. Let j be v(-4). Suppose 3*a + c = 31, a - j = -x*c - 5*c. What is the units digit of a?
1
Let i(n) = -43*n - 2. Let h(d) = -21*d - 1. Let p(r) = 5*h(r) - 3*i(r). Let w be p(1). What is the units digit of 515/w + 3/(-5)?
0
Let o(r) = -2*r + 7. Let t be o(7). Let n be (0 - (-1)/2)*0. Let w = n - t. What is the units digit of w?
7
Suppose -k - 6 = -0*k. Let a(p) = p + 2. Let f be a(k). Let h = -3 - f. What is the units digit of h?
1
Let a(j) = 3*j**2 - 2*j + 4. Let k(c) = 10*c**2 - 7*c + 12. Let v(y) = 7*a(y) - 2*k(y). What is the units digit of v(-7)?
3
Let h(v) = -3*v + 5. Let a(m) = -3*m + 4. Let w(p) = 6*a(p) - 5*h(p). Let s(r) = 3*r. Let y(o) = 2*s(o) + 3*w(o). What is the units digit of y(-7)?
8
Let y = -6 - -9. What is the units digit of y?
3
Suppose 4 = 5*m - 36. Suppose -m = -d + 1. Let y = d - 5. What is the units digit of y?
4
Let z = -13 - -18. Let u = z - -2. What is the units digit of u?
7
Let u = -21 + 7. What is the units digit of (-1)/(2/u - 0)?
7
Let c = 23 - 21. Suppose c*i - 3*i = -19. What is the units digit of i?
9
Let m be ((-4)/(-6)*-3)/1. What is the units digit of 0 - m - (1 - 0)?
1
Suppose 17 + 7 = 4*k. Suppose -m + 1 = -k. Let o(u) = u + 1. What is the units digit of o(m)?
8
Let z(a) = -a**3 - 6*a**2 + 6*a - 3. Let g = 16 - 23. Let p be z(g). Let m = p + 6. What is the units digit of m?
0
Suppose -l + 30 = 3*g - 0*l, g + 2*l = 10. What is the units digit of ((-16)/g)/(6/(-105))?
8
Let o(q) = 12*q**2. Let a be o(-1). Suppose -u = l - 12, u = -l + 3*l + a. What is the units digit of u?
2
Let i(w) = 2*w**2 + 3*w - 2. What is the tens digit of i(-5)?
3
Suppose 0*k - 2*k - w + 95 = 0, -2*k = -4*w - 120. What is the units digit of k?
0
What is the tens digit of -1*(-1)/(-2)*-158?
7
Suppose 3*k = -2*k - 5. What is the units digit of ((-8)/k)/1 - -1?
9
Suppose 2 + 2 = -2*n. Let m = 7 + n. Suppose -4*u + 0*u + 12 = 4*q, 2*u + m*q = 0. What is the units digit of u?
5
Let w(k) = 2*k. Let j(b) = -2*b. Let s(l) = 5*j(l) + 4*w(l). What is the tens digit of s(-11)?
2
Suppose -32 = 4*p - 144. What is the units digit of (-5)/15 - p/(-3)?
9
What is the units digit of (12*(-1 - 0))/((-4)/10)?
0
Suppose -2*k = -0*k + 4. Let n be 2/((-4)/(-6)*3). Let q = n - k. What is the units digit of q?
3
Suppose 2*p - 15 = -3*l + 2*l, 4*p + l - 29 = 0. Suppose 3*s + 80 = p*s. What is the tens digit of s?
2
Let p = -135 + 368. What is the hundreds digit of p?
2
Suppose -2*d + 4*d + 3*h = 15, 5*d - 2*h + 10 = 0. Suppose y - 22 = -5*v, -3*v + 7 + 2 = 0. Suppose -3*g + y + 8 = d. What is the units digit of g?
5
What is the tens digit of -36*(2 - 14/4)?
5
Let q = 102 - 50. What is the units digit of q?
2
Suppose 2*j - 2*q = -11 + 41, -4*j = -5*q - 55. What is the units digit of ((-10)/j)/(1/(-46))?
3
Suppose -4*y + 185 = -27. What is the units digit of y?
3
Let a(x) = x**3 - 9*x**2 + 12*x - 8. Let b be a(8). Suppose 5*s = 2*s + b. What is the units digit of s?
8
Suppose -597 = 20*g - 23*g. What is the units digit of g?
9
Suppose 2*k - 8 = 6*k. Let x be k/6 - (-16)/3. Suppose 56 = x*r + 4*b, 5*r + 6*b = 3*b + 57. What is the tens digit of r?
1
Let r = -23 + 24. What is the units digit of r/2*(